{"id":40,"date":"2019-11-26T12:53:56","date_gmt":"2019-11-26T11:53:56","guid":{"rendered":"https:\/\/escuelainfantilarandadeduero.es\/allendeduero\/testw2019\/?page_id=40"},"modified":"2019-12-23T18:14:11","modified_gmt":"2019-12-23T17:14:11","slug":"quienes-somos","status":"publish","type":"page","link":"https:\/\/escuelainfantilarandadeduero.es\/allendeduero\/quienes-somos\/","title":{"rendered":"Qui\u00e9nes somos"},"content":{"rendered":"\n<section  class=\"seccion\">\n<div class=\"contenedor\">\n<div class=\"fila columnas-altura\">\n\t\n<div class=\"col ancho-16\">\n<div class=\"columna\"><\/div>\n<\/div>\n<div class=\"col ancho-66\">\n<div class=\"columna\"><p style=\"font-size: 120%; text-align: center;\"><em>Con la misma ilusi\u00f3n del primer d\u00eda, en Koala, llevamos varios a\u00f1os gestionando Escuelas Infantiles de Primer Ciclo de Educaci\u00f3n Infantil (0 a 3 a\u00f1os) en toda Espa\u00f1a.<\/em><\/p>\n\t<div class=\"separador-espacio\" style=\"padding-top: 20px;\"><\/div>\n<\/div>\n<\/div>\n<div class=\"col ancho-16\">\n<div class=\"columna\"><\/div>\n<\/div><\/div>\n\n<div class=\"fila columnas-altura\">\n\t\n<div class=\"col\">\n<div class=\"columna\">\n<div class=\"encabezado  encabezado-centrado\">\n<div class=\"encabezado-titulo\"><h2>Koala Servicios Educativos<\/h2><\/div><\/div><p style=\"text-align: center;\">Conscientes de que gran parte de las habilidades humanas se basan en aprendizajes realizados en los primeros a\u00f1os de vida, el papel de los servicios educativos p\u00fablicos de nuestros hijos, en la etapa infantil, constituye una base fundamental para su desarrollo f\u00edsico y mental posterior.<\/p>\n\t<div class=\"separador-espacio\" style=\"padding-top: 20px;\"><\/div>\n<\/div>\n<\/div><\/div>\n\n<div class=\"fila columnas-altura\">\n\t\n<div class=\"col ancho-50\">\n<div class=\"columna\"><h3 style=\"text-align: left;\"><span style=\"color: #ff9c32;\">Nuestra labor<\/span><\/h3><p style=\"text-align: left;\">En Koala cuidamos de los m\u00e1s peque\u00f1os para lograr su completo desarrollo realizando una labor complementaria a la de los padres y ofreci\u00e9ndoles servicios que ayuden a conciliar la vida personal, familiar y laboral.<\/p><\/div>\n<\/div>\n<div class=\"col ancho-50\">\n<div class=\"columna\"><h3 style=\"text-align: left;\"><span style=\"color: #c80082;\">Nuestro objetivo<\/span><\/h3><p style=\"text-align: left;\">El desarrollo de los ni\u00f1os, garantizando el cuidado y atenci\u00f3n de sus necesidades b\u00e1sicas y la potenciaci\u00f3n de todas sus capacidades intelectuales, afectivas y f\u00edsicas.<\/p><\/div>\n<\/div><\/div>\n\n<\/div>\n<\/section>\n","protected":false},"excerpt":{"rendered":"<p>Con la misma ilusi\u00f3n del primer d\u00eda, en Koala, llevamos varios a\u00f1os gestionando Escuelas Infantiles de Primer Ciclo de Educaci\u00f3n Infantil (0 a 3 a\u00f1os) en toda Espa\u00f1a. Koala Servicios &#8230; <a class=\"mas\" href=\"https:\/\/escuelainfantilarandadeduero.es\/allendeduero\/quienes-somos\/\"><strong>M\u00c1S<\/strong><\/a><\/p>\n","protected":false},"author":1,"featured_media":741,"parent":0,"menu_order":11,"comment_status":"closed","ping_status":"closed","template":"","meta":{"footnotes":""},"class_list":["post-40","page","type-page","status-publish","has-post-thumbnail","hentry"],"_links":{"self":[{"href":"https:\/\/escuelainfantilarandadeduero.es\/allendeduero\/wp-json\/wp\/v2\/pages\/40","targetHints":{"allow":["GET"]}}],"collection":[{"href":"https:\/\/escuelainfantilarandadeduero.es\/allendeduero\/wp-json\/wp\/v2\/pages"}],"about":[{"href":"https:\/\/escuelainfantilarandadeduero.es\/allendeduero\/wp-json\/wp\/v2\/types\/page"}],"author":[{"embeddable":true,"href":"https:\/\/escuelainfantilarandadeduero.es\/allendeduero\/wp-json\/wp\/v2\/users\/1"}],"replies":[{"embeddable":true,"href":"https:\/\/escuelainfantilarandadeduero.es\/allendeduero\/wp-json\/wp\/v2\/comments?post=40"}],"version-history":[{"count":19,"href":"https:\/\/escuelainfantilarandadeduero.es\/allendeduero\/wp-json\/wp\/v2\/pages\/40\/revisions"}],"predecessor-version":[{"id":752,"href":"https:\/\/escuelainfantilarandadeduero.es\/allendeduero\/wp-json\/wp\/v2\/pages\/40\/revisions\/752"}],"wp:featuredmedia":[{"embeddable":true,"href":"https:\/\/escuelainfantilarandadeduero.es\/allendeduero\/wp-json\/wp\/v2\/media\/741"}],"wp:attachment":[{"href":"https:\/\/escuelainfantilarandadeduero.es\/allendeduero\/wp-json\/wp\/v2\/media?parent=40"}],"curies":[{"name":"wp","href":"https:\/\/api.w.org\/{rel}","templated":true}]}}

Quiénes somos

<section  class="seccion">
<div class="contenedor">
<div class="fila columnas-altura">
	
<div class="col ancho-16">
<div class="columna"></div>
</div>
<div class="col ancho-66">
<div class="columna"><p style="font-size: 120%; text-align: center;"><em>Con la misma ilusión del primer día, en Koala, llevamos varios años gestionando Escuelas Infantiles de Primer Ciclo de Educación Infantil (0 a 3 años) en toda España.</em></p>
	<div class="separador-espacio" style="padding-top: 20px;"></div>
</div>
</div>
<div class="col ancho-16">
<div class="columna"></div>
</div></div>

<div class="fila columnas-altura">
	
<div class="col">
<div class="columna">
<div class="encabezado  encabezado-centrado">
<div class="encabezado-titulo"><h2>Koala Servicios Educativos</h2></div></div><p style="text-align: center;">Conscientes de que gran parte de las habilidades humanas se basan en aprendizajes realizados en los primeros años de vida, el papel de los servicios educativos públicos de nuestros hijos, en la etapa infantil, constituye una base fundamental para su desarrollo físico y mental posterior.</p>
	<div class="separador-espacio" style="padding-top: 20px;"></div>
</div>
</div></div>

<div class="fila columnas-altura">
	
<div class="col ancho-50">
<div class="columna"><h3 style="text-align: left;"><span style="color: #ff9c32;">Nuestra labor</span></h3><p style="text-align: left;">En Koala cuidamos de los más pequeños para lograr su completo desarrollo realizando una labor complementaria a la de los padres y ofreciéndoles servicios que ayuden a conciliar la vida personal, familiar y laboral.</p></div>
</div>
<div class="col ancho-50">
<div class="columna"><h3 style="text-align: left;"><span style="color: #c80082;">Nuestro objetivo</span></h3><p style="text-align: left;">El desarrollo de los niños, garantizando el cuidado y atención de sus necesidades básicas y la potenciación de todas sus capacidades intelectuales, afectivas y físicas.</p></div>
</div></div>

</div>
</section>

<p>Con la misma ilusión del primer día, en Koala, llevamos varios años gestionando Escuelas Infantiles de Primer Ciclo de Educación Infantil (0 a 3 años) en toda España. Koala Servicios &#8230; <a class="mas" href="https://escuelainfantilarandadeduero.es/allendeduero/quienes-somos/"><strong>MÁS</strong></a></p>
